{"id":9,"date":"2018-06-07T05:49:24","date_gmt":"2018-06-07T05:49:24","guid":{"rendered":"https:\/\/si-tim.com\/web\/index.php\/contact-us\/"},"modified":"2025-10-18T09:48:48","modified_gmt":"2025-10-18T15:48:48","slug":"contacto","status":"publish","type":"page","link":"https:\/\/si-tim.com\/web\/contacto\/","title":{"rendered":"Contacto"},"content":{"rendered":"\t\t<div data-elementor-type=\"wp-post\" data-elementor-id=\"9\" class=\"elementor elementor-9\" data-elementor-post-type=\"page\">\n\t\t\t\t<div class=\"elementor-element elementor-element-8accc8c e-flex e-con-boxed e-con e-parent\" data-id=\"8accc8c\" data-element_type=\"container\" data-settings=\"{&quot;background_background&quot;:&quot;classic&quot;}\">\n\t\t\t\t\t<div class=\"e-con-inner\">\n\t\t<div class=\"elementor-element elementor-element-6fca7a8 e-con-full e-flex e-con e-child\" data-id=\"6fca7a8\" data-element_type=\"container\">\n\t\t\t\t<div class=\"elementor-element elementor-element-e08d8e0 elementor-widget elementor-widget-heading\" data-id=\"e08d8e0\" data-element_type=\"widget\" data-widget_type=\"heading.default\">\n\t\t\t\t<div class=\"elementor-widget-container\">\n\t\t\t\t\t<h1 class=\"elementor-heading-title elementor-size-default\">Cont\u00e1ctanos<\/h1>\t\t\t\t<\/div>\n\t\t\t\t<\/div>\n\t\t\t\t<\/div>\n\t\t\t\t\t<\/div>\n\t\t\t\t<\/div>\n\t\t<div class=\"elementor-element elementor-element-198eec4 e-flex e-con-boxed e-con e-parent\" data-id=\"198eec4\" data-element_type=\"container\">\n\t\t\t\t\t<div class=\"e-con-inner\">\n\t\t<div class=\"elementor-element elementor-element-1f9b286 e-con-full e-flex e-con e-child\" data-id=\"1f9b286\" data-element_type=\"container\">\n\t\t<div class=\"elementor-element elementor-element-20d85e4 e-flex e-con-boxed e-con e-child\" data-id=\"20d85e4\" data-element_type=\"container\">\n\t\t\t\t\t<div class=\"e-con-inner\">\n\t\t<div class=\"elementor-element elementor-element-d94abdc e-con-full e-flex e-con e-child\" data-id=\"d94abdc\" data-element_type=\"container\" data-settings=\"{&quot;background_background&quot;:&quot;classic&quot;}\">\n\t\t\t\t<div class=\"elementor-element elementor-element-dc349a4 elementor-position-top elementor-widget elementor-widget-image-box\" data-id=\"dc349a4\" data-element_type=\"widget\" data-widget_type=\"image-box.default\">\n\t\t\t\t<div class=\"elementor-widget-container\">\n\t\t\t\t\t<div class=\"elementor-image-box-wrapper\"><figure class=\"elementor-image-box-img\"><a href=\"https:\/\/maps.app.goo.gl\/cvkRHbjj8K5348Q4A\" tabindex=\"-1\"><img decoding=\"async\" width=\"50\" height=\"50\" src=\"https:\/\/si-tim.com\/web\/wp-content\/uploads\/2018\/06\/icon22-free-img.png\" class=\"attachment-full size-full wp-image-165\" alt=\"\" \/><\/a><\/figure><div class=\"elementor-image-box-content\"><h3 class=\"elementor-image-box-title\"><a href=\"https:\/\/maps.app.goo.gl\/cvkRHbjj8K5348Q4A\">Direccion<\/a><\/h3><\/div><\/div>\t\t\t\t<\/div>\n\t\t\t\t<\/div>\n\t\t\t\t<div class=\"elementor-element elementor-element-76b9a4e elementor-widget elementor-widget-text-editor\" data-id=\"76b9a4e\" data-element_type=\"widget\" data-widget_type=\"text-editor.default\">\n\t\t\t\t<div class=\"elementor-widget-container\">\n\t\t\t\t\t\t\t\t\t\n<a href=\"https:\/\/maps.app.goo.gl\/cvkRHbjj8K5348Q4A\">Calle 1 #1251<br>\nZona Industrial<br>Guadalajara, Jal. <br>C.P. 44940<\/a>\n\n\t\t\t\t\t\t\t\t<\/div>\n\t\t\t\t<\/div>\n\t\t\t\t<\/div>\n\t\t<div class=\"elementor-element elementor-element-8a81e64 e-con-full e-flex e-con e-child\" data-id=\"8a81e64\" data-element_type=\"container\" data-settings=\"{&quot;background_background&quot;:&quot;classic&quot;}\">\n\t\t\t\t<div class=\"elementor-element elementor-element-de2f6a4 elementor-position-top elementor-widget elementor-widget-image-box\" data-id=\"de2f6a4\" data-element_type=\"widget\" data-widget_type=\"image-box.default\">\n\t\t\t\t<div class=\"elementor-widget-container\">\n\t\t\t\t\t<div class=\"elementor-image-box-wrapper\"><figure class=\"elementor-image-box-img\"><img decoding=\"async\" width=\"50\" height=\"50\" src=\"https:\/\/si-tim.com\/web\/wp-content\/uploads\/2018\/06\/icon25-free-img.png\" class=\"attachment-full size-full wp-image-168\" alt=\"\" \/><\/figure><div class=\"elementor-image-box-content\"><h3 class=\"elementor-image-box-title\">Horario<\/h3><\/div><\/div>\t\t\t\t<\/div>\n\t\t\t\t<\/div>\n\t\t\t\t<div class=\"elementor-element elementor-element-ea13897 elementor-widget elementor-widget-text-editor\" data-id=\"ea13897\" data-element_type=\"widget\" data-widget_type=\"text-editor.default\">\n\t\t\t\t<div class=\"elementor-widget-container\">\n\t\t\t\t\t\t\t\t\t<p>Lunes a viernes<br \/>8:00 &#8211; 18:00<br \/><br \/><\/p>\t\t\t\t\t\t\t\t<\/div>\n\t\t\t\t<\/div>\n\t\t\t\t<\/div>\n\t\t<div class=\"elementor-element elementor-element-7ae7369 e-con-full e-flex e-con e-child\" data-id=\"7ae7369\" data-element_type=\"container\" data-settings=\"{&quot;background_background&quot;:&quot;classic&quot;}\">\n\t\t\t\t<div class=\"elementor-element elementor-element-f61690c elementor-position-top elementor-widget elementor-widget-image-box\" data-id=\"f61690c\" data-element_type=\"widget\" data-widget_type=\"image-box.default\">\n\t\t\t\t<div class=\"elementor-widget-container\">\n\t\t\t\t\t<div class=\"elementor-image-box-wrapper\"><figure class=\"elementor-image-box-img\"><img decoding=\"async\" width=\"50\" height=\"50\" src=\"https:\/\/si-tim.com\/web\/wp-content\/uploads\/2018\/06\/icon23-free-img.png\" class=\"attachment-full size-full wp-image-166\" alt=\"\" \/><\/figure><div class=\"elementor-image-box-content\"><h3 class=\"elementor-image-box-title\">Correo Electronico<\/h3><\/div><\/div>\t\t\t\t<\/div>\n\t\t\t\t<\/div>\n\t\t\t\t<div class=\"elementor-element elementor-element-4e991f8 elementor-widget elementor-widget-text-editor\" data-id=\"4e991f8\" data-element_type=\"widget\" data-widget_type=\"text-editor.default\">\n\t\t\t\t<div class=\"elementor-widget-container\">\n\t\t\t\t\t\t\t\t\t<p><a href=\"mailto:contacto@si-tim.com\" target=\"_blank\" rel=\"noopener\">contacto@si-tim.com<\/a><\/p>\t\t\t\t\t\t\t\t<\/div>\n\t\t\t\t<\/div>\n\t\t\t\t<\/div>\n\t\t\t\t\t<\/div>\n\t\t\t\t<\/div>\n\t\t\t\t<\/div>\n\t\t\t\t\t<\/div>\n\t\t\t\t<\/div>\n\t\t<div class=\"elementor-element elementor-element-08d9773 e-flex e-con-boxed e-con e-parent\" data-id=\"08d9773\" data-element_type=\"container\" data-settings=\"{&quot;background_background&quot;:&quot;classic&quot;}\">\n\t\t\t\t\t<div class=\"e-con-inner\">\n\t\t<div class=\"elementor-element elementor-element-d793ed6 e-con-full e-flex e-con e-child\" data-id=\"d793ed6\" data-element_type=\"container\">\n\t\t\t\t<div class=\"elementor-element elementor-element-993df47 elementor-align-center elementor-mobile-align-left elementor-icon-list--layout-traditional elementor-list-item-link-full_width elementor-widget elementor-widget-icon-list\" data-id=\"993df47\" data-element_type=\"widget\" data-widget_type=\"icon-list.default\">\n\t\t\t\t<div class=\"elementor-widget-container\">\n\t\t\t\t\t\t\t<ul class=\"elementor-icon-list-items\">\n\t\t\t\t\t\t\t<li class=\"elementor-icon-list-item\">\n\t\t\t\t\t\t\t\t\t\t\t<a href=\"mailto:contacto@si-tim.com\">\n\n\t\t\t\t\t\t\t\t\t\t\t\t<span class=\"elementor-icon-list-icon\">\n\t\t\t\t\t\t\t<svg aria-hidden=\"true\" class=\"e-font-icon-svg e-fas-envelope\" viewBox=\"0 0 512 512\" xmlns=\"http:\/\/www.w3.org\/2000\/svg\"><path d=\"M502.3 190.8c3.9-3.1 9.7-.2 9.7 4.7V400c0 26.5-21.5 48-48 48H48c-26.5 0-48-21.5-48-48V195.6c0-5 5.7-7.8 9.7-4.7 22.4 17.4 52.1 39.5 154.1 113.6 21.1 15.4 56.7 47.8 92.2 47.6 35.7.3 72-32.8 92.3-47.6 102-74.1 131.6-96.3 154-113.7zM256 320c23.2.4 56.6-29.2 73.4-41.4 132.7-96.3 142.8-104.7 173.4-128.7 5.8-4.5 9.2-11.5 9.2-18.9v-19c0-26.5-21.5-48-48-48H48C21.5 64 0 85.5 0 112v19c0 7.4 3.4 14.3 9.2 18.9 30.6 23.9 40.7 32.4 173.4 128.7 16.8 12.2 50.2 41.8 73.4 41.4z\"><\/path><\/svg>\t\t\t\t\t\t<\/span>\n\t\t\t\t\t\t\t\t\t\t<span class=\"elementor-icon-list-text\">Env\u00edenos un mensaje o escr\u00edbanos a: contacto@si-tim.com<\/span>\n\t\t\t\t\t\t\t\t\t\t\t<\/a>\n\t\t\t\t\t\t\t\t\t<\/li>\n\t\t\t\t\t\t<\/ul>\n\t\t\t\t\t\t<\/div>\n\t\t\t\t<\/div>\n\t\t\t\t<div class=\"elementor-element elementor-element-7cd46f9 elementor-button-align-start elementor-widget elementor-widget-form\" data-id=\"7cd46f9\" data-element_type=\"widget\" data-settings=\"{&quot;step_next_label&quot;:&quot;Next&quot;,&quot;step_previous_label&quot;:&quot;Previous&quot;,&quot;button_width&quot;:&quot;100&quot;,&quot;step_type&quot;:&quot;number_text&quot;,&quot;step_icon_shape&quot;:&quot;circle&quot;}\" data-widget_type=\"form.default\">\n\t\t\t\t<div class=\"elementor-widget-container\">\n\t\t\t\t\t\t\t<form class=\"elementor-form\" method=\"post\" name=\"New Form\" aria-label=\"New Form\">\n\t\t\t<input type=\"hidden\" name=\"post_id\" value=\"9\"\/>\n\t\t\t<input type=\"hidden\" name=\"form_id\" value=\"7cd46f9\"\/>\n\t\t\t<input type=\"hidden\" name=\"referer_title\" value=\"Contacto - Servicios Industriales TIM\" \/>\n\n\t\t\t\t\t\t\t<input type=\"hidden\" name=\"queried_id\" value=\"9\"\/>\n\t\t\t\n\t\t\t<div class=\"elementor-form-fields-wrapper elementor-labels-above\">\n\t\t\t\t\t\t\t\t<div class=\"elementor-field-type-text elementor-field-group elementor-column elementor-field-group-name elementor-col-100\">\n\t\t\t\t\t\t\t\t\t\t\t\t\t<input size=\"1\" type=\"text\" name=\"form_fields[name]\" id=\"form-field-name\" class=\"elementor-field elementor-size-sm  elementor-field-textual\" placeholder=\"Nombre\">\n\t\t\t\t\t\t\t\t\t\t\t<\/div>\n\t\t\t\t\t\t\t\t<div class=\"elementor-field-type-email elementor-field-group elementor-column elementor-field-group-email elementor-col-100 elementor-field-required\">\n\t\t\t\t\t\t\t\t\t\t\t\t\t<input size=\"1\" type=\"email\" name=\"form_fields[email]\" id=\"form-field-email\" class=\"elementor-field elementor-size-sm  elementor-field-textual\" placeholder=\"Email\" required=\"required\">\n\t\t\t\t\t\t\t\t\t\t\t<\/div>\n\t\t\t\t\t\t\t\t<div class=\"elementor-field-type-textarea elementor-field-group elementor-column elementor-field-group-message elementor-col-100\">\n\t\t\t\t\t<textarea class=\"elementor-field-textual elementor-field  elementor-size-sm\" name=\"form_fields[message]\" id=\"form-field-message\" rows=\"4\" placeholder=\"Mensaje\"><\/textarea>\t\t\t\t<\/div>\n\t\t\t\t\t\t\t\t<div class=\"elementor-field-type-recaptcha_v3 elementor-field-group elementor-column elementor-field-group-field_3473fec elementor-col-100 recaptcha_v3-inline\">\n\t\t\t\t\t<div class=\"elementor-field\" id=\"form-field-field_3473fec\"><div class=\"elementor-g-recaptcha\" data-sitekey=\"6LcAKX8pAAAAAGjKB1IMB2kDTlYAF5QcI11xjyrn\" data-type=\"v3\" data-action=\"Form\" data-badge=\"inline\" data-size=\"invisible\"><\/div><\/div>\t\t\t\t<\/div>\n\t\t\t\t\t\t\t\t<div class=\"elementor-field-group elementor-column elementor-field-type-submit elementor-col-100 e-form__buttons\">\n\t\t\t\t\t<button class=\"elementor-button elementor-size-sm elementor-animation-grow\" type=\"submit\">\n\t\t\t\t\t\t<span class=\"elementor-button-content-wrapper\">\n\t\t\t\t\t\t\t\t\t\t\t\t\t\t\t\t\t\t\t\t\t\t<span class=\"elementor-button-text\">Enviar<\/span>\n\t\t\t\t\t\t\t\t\t\t\t\t\t<\/span>\n\t\t\t\t\t<\/button>\n\t\t\t\t<\/div>\n\t\t\t<\/div>\n\t\t<\/form>\n\t\t\t\t\t\t<\/div>\n\t\t\t\t<\/div>\n\t\t\t\t<\/div>\n\t\t\t\t\t<\/div>\n\t\t\t\t<\/div>\n\t\t<div class=\"elementor-element elementor-element-60b3954 e-con-full e-flex e-con e-parent\" data-id=\"60b3954\" data-element_type=\"container\" data-settings=\"{&quot;background_background&quot;:&quot;classic&quot;}\">\n\t\t<div class=\"elementor-element elementor-element-c86704f e-con-full e-flex e-con e-child\" data-id=\"c86704f\" data-element_type=\"container\">\n\t\t\t\t<div class=\"elementor-element elementor-element-6a9eaf8 elementor-widget elementor-widget-google_maps\" data-id=\"6a9eaf8\" data-element_type=\"widget\" data-widget_type=\"google_maps.default\">\n\t\t\t\t<div class=\"elementor-widget-container\">\n\t\t\t\t\t\t\t<div class=\"elementor-custom-embed\">\n\t\t\t<iframe loading=\"lazy\"\n\t\t\t\t\tsrc=\"https:\/\/maps.google.com\/maps?q=Servicios%20Industriales%20TIM&#038;t=m&#038;z=16&#038;output=embed&#038;iwloc=near\"\n\t\t\t\t\ttitle=\"Servicios Industriales TIM\"\n\t\t\t\t\taria-label=\"Servicios Industriales TIM\"\n\t\t\t><\/iframe>\n\t\t<\/div>\n\t\t\t\t\t\t<\/div>\n\t\t\t\t<\/div>\n\t\t\t\t<\/div>\n\t\t\t\t<\/div>\n\t\t\t\t<\/div>\n\t\t","protected":false},"excerpt":{"rendered":"<p>Cont\u00e1ctanos Direccion Calle 1 #1251 Zona IndustrialGuadalajara, Jal. C.P. 44940 Horario Lunes a viernes8:00 &#8211; 18:00 Correo Electronico contacto@si-tim.com Env\u00edenos un mensaje o escr\u00edbanos a: contacto@si-tim.com<\/p>\n","protected":false},"author":1,"featured_media":0,"parent":0,"menu_order":0,"comment_status":"closed","ping_status":"closed","template":"","meta":{"site-sidebar-layout":"no-sidebar","site-content-layout":"page-builder","ast-site-content-layout":"full-width-container","site-content-style":"unboxed","site-sidebar-style":"unboxed","ast-global-header-display":"","ast-banner-title-visibility":"","ast-main-header-display":"","ast-hfb-above-header-display":"","ast-hfb-below-header-display":"","ast-hfb-mobile-header-display":"","site-post-title":"disabled","ast-breadcrumbs-content":"","ast-featured-img":"disabled","footer-sml-layout":"","theme-transparent-header-meta":"","adv-header-id-meta":"","stick-header-meta":"","header-above-stick-meta":"","header-main-stick-meta":"","header-below-stick-meta":"","astra-migrate-meta-layouts":"set","ast-page-background-enabled":"default","ast-page-background-meta":{"desktop":{"background-color":"","background-image":"","background-repeat":"repeat","background-position":"center center","background-size":"auto","background-attachment":"scroll","background-type":"","background-media":"","overlay-type":"","overlay-color":"","overlay-opacity":"","overlay-gradient":""},"tablet":{"background-color":"","background-image":"","background-repeat":"repeat","background-position":"center center","background-size":"auto","background-attachment":"scroll","background-type":"","background-media":"","overlay-type":"","overlay-color":"","overlay-opacity":"","overlay-gradient":""},"mobile":{"background-color":"","background-image":"","background-repeat":"repeat","background-position":"center center","background-size":"auto","background-attachment":"scroll","background-type":"","background-media":"","overlay-type":"","overlay-color":"","overlay-opacity":"","overlay-gradient":""}},"ast-content-background-meta":{"desktop":{"background-color":"var(--ast-global-color-5)","background-image":"","background-repeat":"repeat","background-position":"center center","background-size":"auto","background-attachment":"scroll","background-type":"","background-media":"","overlay-type":"","overlay-color":"","overlay-opacity":"","overlay-gradient":""},"tablet":{"background-color":"var(--ast-global-color-5)","background-image":"","background-repeat":"repeat","background-position":"center center","background-size":"auto","background-attachment":"scroll","background-type":"","background-media":"","overlay-type":"","overlay-color":"","overlay-opacity":"","overlay-gradient":""},"mobile":{"background-color":"var(--ast-global-color-5)","background-image":"","background-repeat":"repeat","background-position":"center center","background-size":"auto","background-attachment":"scroll","background-type":"","background-media":"","overlay-type":"","overlay-color":"","overlay-opacity":"","overlay-gradient":""}},"_joinchat":[],"footnotes":""},"class_list":["post-9","page","type-page","status-publish","hentry"],"yoast_head":"<!-- This site is optimized with the Yoast SEO plugin v26.4 - https:\/\/yoast.com\/wordpress\/plugins\/seo\/ -->\n<title>Contacto - Servicios Industriales TIM<\/title>\n<meta name=\"description\" content=\"Env\u00edenos un mensaje a trav\u00e9s de nuestro formulario, vis\u00edtenos o escr\u00edbanos al correo electr\u00f3nico: contacto@si-tim.com\" \/>\n<meta name=\"robots\" content=\"index, follow, max-snippet:-1, max-image-preview:large, max-video-preview:-1\" \/>\n<link rel=\"canonical\" href=\"https:\/\/si-tim.com\/web\/contacto\/\" \/>\n<meta property=\"og:locale\" content=\"es_ES\" \/>\n<meta property=\"og:type\" content=\"article\" \/>\n<meta property=\"og:title\" content=\"Contacto - Servicios Industriales TIM\" \/>\n<meta property=\"og:description\" content=\"Env\u00edenos un mensaje a trav\u00e9s de nuestro formulario, vis\u00edtenos o escr\u00edbanos al correo electr\u00f3nico: contacto@si-tim.com\" \/>\n<meta property=\"og:url\" content=\"https:\/\/si-tim.com\/web\/contacto\/\" \/>\n<meta property=\"og:site_name\" content=\"Servicios Industriales TIM\" \/>\n<meta property=\"article:publisher\" content=\"https:\/\/www.facebook.com\/p\/Servicios-Industriales-TIM-100064529689102\" \/>\n<meta property=\"article:modified_time\" content=\"2025-10-18T15:48:48+00:00\" \/>\n<meta property=\"og:image\" content=\"https:\/\/si-tim.com\/web\/wp-content\/uploads\/2018\/06\/icon22-free-img.png\" \/>\n\t<meta property=\"og:image:width\" content=\"50\" \/>\n\t<meta property=\"og:image:height\" content=\"50\" \/>\n\t<meta property=\"og:image:type\" content=\"image\/png\" \/>\n<meta name=\"twitter:card\" content=\"summary_large_image\" \/>\n<meta name=\"twitter:label1\" content=\"Tiempo de lectura\" \/>\n\t<meta name=\"twitter:data1\" content=\"1 minuto\" \/>\n<script type=\"application\/ld+json\" class=\"yoast-schema-graph\">{\"@context\":\"https:\/\/schema.org\",\"@graph\":[{\"@type\":\"WebPage\",\"@id\":\"https:\/\/si-tim.com\/web\/contacto\/\",\"url\":\"https:\/\/si-tim.com\/web\/contacto\/\",\"name\":\"Contacto - Servicios Industriales TIM\",\"isPartOf\":{\"@id\":\"https:\/\/si-tim.com\/web\/#website\"},\"primaryImageOfPage\":{\"@id\":\"https:\/\/si-tim.com\/web\/contacto\/#primaryimage\"},\"image\":{\"@id\":\"https:\/\/si-tim.com\/web\/contacto\/#primaryimage\"},\"thumbnailUrl\":\"https:\/\/si-tim.com\/web\/wp-content\/uploads\/2018\/06\/icon22-free-img.png\",\"datePublished\":\"2018-06-07T05:49:24+00:00\",\"dateModified\":\"2025-10-18T15:48:48+00:00\",\"description\":\"Env\u00edenos un mensaje a trav\u00e9s de nuestro formulario, vis\u00edtenos o escr\u00edbanos al correo electr\u00f3nico: contacto@si-tim.com\",\"breadcrumb\":{\"@id\":\"https:\/\/si-tim.com\/web\/contacto\/#breadcrumb\"},\"inLanguage\":\"es\",\"potentialAction\":[{\"@type\":\"ReadAction\",\"target\":[\"https:\/\/si-tim.com\/web\/contacto\/\"]}]},{\"@type\":\"ImageObject\",\"inLanguage\":\"es\",\"@id\":\"https:\/\/si-tim.com\/web\/contacto\/#primaryimage\",\"url\":\"https:\/\/si-tim.com\/web\/wp-content\/uploads\/2018\/06\/icon22-free-img.png\",\"contentUrl\":\"https:\/\/si-tim.com\/web\/wp-content\/uploads\/2018\/06\/icon22-free-img.png\",\"width\":50,\"height\":50},{\"@type\":\"BreadcrumbList\",\"@id\":\"https:\/\/si-tim.com\/web\/contacto\/#breadcrumb\",\"itemListElement\":[{\"@type\":\"ListItem\",\"position\":1,\"name\":\"Portada\",\"item\":\"https:\/\/si-tim.com\/web\/\"},{\"@type\":\"ListItem\",\"position\":2,\"name\":\"Contacto\"}]},{\"@type\":\"WebSite\",\"@id\":\"https:\/\/si-tim.com\/web\/#website\",\"url\":\"https:\/\/si-tim.com\/web\/\",\"name\":\"Servicios Industriales TIM\",\"description\":\"Maquinados Industriales CNC Torno Perfiladora\",\"publisher\":{\"@id\":\"https:\/\/si-tim.com\/web\/#organization\"},\"alternateName\":\"Maquinados Industriales CNC Torno Perfiladora\",\"potentialAction\":[{\"@type\":\"SearchAction\",\"target\":{\"@type\":\"EntryPoint\",\"urlTemplate\":\"https:\/\/si-tim.com\/web\/?s={search_term_string}\"},\"query-input\":{\"@type\":\"PropertyValueSpecification\",\"valueRequired\":true,\"valueName\":\"search_term_string\"}}],\"inLanguage\":\"es\"},{\"@type\":\"Organization\",\"@id\":\"https:\/\/si-tim.com\/web\/#organization\",\"name\":\"Servicios Industriales TIM\",\"alternateName\":\"Maquinados Industriales CNC Torno Perfiladora\",\"url\":\"https:\/\/si-tim.com\/web\/\",\"logo\":{\"@type\":\"ImageObject\",\"inLanguage\":\"es\",\"@id\":\"https:\/\/si-tim.com\/web\/#\/schema\/logo\/image\/\",\"url\":\"https:\/\/si-tim.com\/web\/wp-content\/uploads\/2024\/02\/logo.fw_.png\",\"contentUrl\":\"https:\/\/si-tim.com\/web\/wp-content\/uploads\/2024\/02\/logo.fw_.png\",\"width\":366,\"height\":251,\"caption\":\"Servicios Industriales TIM\"},\"image\":{\"@id\":\"https:\/\/si-tim.com\/web\/#\/schema\/logo\/image\/\"},\"sameAs\":[\"https:\/\/www.facebook.com\/p\/Servicios-Industriales-TIM-100064529689102\"]}]}<\/script>\n<!-- \/ Yoast SEO plugin. -->","yoast_head_json":{"title":"Contacto - Servicios Industriales TIM","description":"Env\u00edenos un mensaje a trav\u00e9s de nuestro formulario, vis\u00edtenos o escr\u00edbanos al correo electr\u00f3nico: contacto@si-tim.com","robots":{"index":"index","follow":"follow","max-snippet":"max-snippet:-1","max-image-preview":"max-image-preview:large","max-video-preview":"max-video-preview:-1"},"canonical":"https:\/\/si-tim.com\/web\/contacto\/","og_locale":"es_ES","og_type":"article","og_title":"Contacto - Servicios Industriales TIM","og_description":"Env\u00edenos un mensaje a trav\u00e9s de nuestro formulario, vis\u00edtenos o escr\u00edbanos al correo electr\u00f3nico: contacto@si-tim.com","og_url":"https:\/\/si-tim.com\/web\/contacto\/","og_site_name":"Servicios Industriales TIM","article_publisher":"https:\/\/www.facebook.com\/p\/Servicios-Industriales-TIM-100064529689102","article_modified_time":"2025-10-18T15:48:48+00:00","og_image":[{"width":50,"height":50,"url":"https:\/\/si-tim.com\/web\/wp-content\/uploads\/2018\/06\/icon22-free-img.png","type":"image\/png"}],"twitter_card":"summary_large_image","twitter_misc":{"Tiempo de lectura":"1 minuto"},"schema":{"@context":"https:\/\/schema.org","@graph":[{"@type":"WebPage","@id":"https:\/\/si-tim.com\/web\/contacto\/","url":"https:\/\/si-tim.com\/web\/contacto\/","name":"Contacto - Servicios Industriales TIM","isPartOf":{"@id":"https:\/\/si-tim.com\/web\/#website"},"primaryImageOfPage":{"@id":"https:\/\/si-tim.com\/web\/contacto\/#primaryimage"},"image":{"@id":"https:\/\/si-tim.com\/web\/contacto\/#primaryimage"},"thumbnailUrl":"https:\/\/si-tim.com\/web\/wp-content\/uploads\/2018\/06\/icon22-free-img.png","datePublished":"2018-06-07T05:49:24+00:00","dateModified":"2025-10-18T15:48:48+00:00","description":"Env\u00edenos un mensaje a trav\u00e9s de nuestro formulario, vis\u00edtenos o escr\u00edbanos al correo electr\u00f3nico: contacto@si-tim.com","breadcrumb":{"@id":"https:\/\/si-tim.com\/web\/contacto\/#breadcrumb"},"inLanguage":"es","potentialAction":[{"@type":"ReadAction","target":["https:\/\/si-tim.com\/web\/contacto\/"]}]},{"@type":"ImageObject","inLanguage":"es","@id":"https:\/\/si-tim.com\/web\/contacto\/#primaryimage","url":"https:\/\/si-tim.com\/web\/wp-content\/uploads\/2018\/06\/icon22-free-img.png","contentUrl":"https:\/\/si-tim.com\/web\/wp-content\/uploads\/2018\/06\/icon22-free-img.png","width":50,"height":50},{"@type":"BreadcrumbList","@id":"https:\/\/si-tim.com\/web\/contacto\/#breadcrumb","itemListElement":[{"@type":"ListItem","position":1,"name":"Portada","item":"https:\/\/si-tim.com\/web\/"},{"@type":"ListItem","position":2,"name":"Contacto"}]},{"@type":"WebSite","@id":"https:\/\/si-tim.com\/web\/#website","url":"https:\/\/si-tim.com\/web\/","name":"Servicios Industriales TIM","description":"Maquinados Industriales CNC Torno Perfiladora","publisher":{"@id":"https:\/\/si-tim.com\/web\/#organization"},"alternateName":"Maquinados Industriales CNC Torno Perfiladora","potentialAction":[{"@type":"SearchAction","target":{"@type":"EntryPoint","urlTemplate":"https:\/\/si-tim.com\/web\/?s={search_term_string}"},"query-input":{"@type":"PropertyValueSpecification","valueRequired":true,"valueName":"search_term_string"}}],"inLanguage":"es"},{"@type":"Organization","@id":"https:\/\/si-tim.com\/web\/#organization","name":"Servicios Industriales TIM","alternateName":"Maquinados Industriales CNC Torno Perfiladora","url":"https:\/\/si-tim.com\/web\/","logo":{"@type":"ImageObject","inLanguage":"es","@id":"https:\/\/si-tim.com\/web\/#\/schema\/logo\/image\/","url":"https:\/\/si-tim.com\/web\/wp-content\/uploads\/2024\/02\/logo.fw_.png","contentUrl":"https:\/\/si-tim.com\/web\/wp-content\/uploads\/2024\/02\/logo.fw_.png","width":366,"height":251,"caption":"Servicios Industriales TIM"},"image":{"@id":"https:\/\/si-tim.com\/web\/#\/schema\/logo\/image\/"},"sameAs":["https:\/\/www.facebook.com\/p\/Servicios-Industriales-TIM-100064529689102"]}]}},"_links":{"self":[{"href":"https:\/\/si-tim.com\/web\/wp-json\/wp\/v2\/pages\/9","targetHints":{"allow":["GET"]}}],"collection":[{"href":"https:\/\/si-tim.com\/web\/wp-json\/wp\/v2\/pages"}],"about":[{"href":"https:\/\/si-tim.com\/web\/wp-json\/wp\/v2\/types\/page"}],"author":[{"embeddable":true,"href":"https:\/\/si-tim.com\/web\/wp-json\/wp\/v2\/users\/1"}],"replies":[{"embeddable":true,"href":"https:\/\/si-tim.com\/web\/wp-json\/wp\/v2\/comments?post=9"}],"version-history":[{"count":72,"href":"https:\/\/si-tim.com\/web\/wp-json\/wp\/v2\/pages\/9\/revisions"}],"predecessor-version":[{"id":1322,"href":"https:\/\/si-tim.com\/web\/wp-json\/wp\/v2\/pages\/9\/revisions\/1322"}],"wp:attachment":[{"href":"https:\/\/si-tim.com\/web\/wp-json\/wp\/v2\/media?parent=9"}],"curies":[{"name":"wp","href":"https:\/\/api.w.org\/{rel}","templated":true}]}}